{"id":1176,"date":"2022-09-24T00:25:14","date_gmt":"2022-09-23T22:25:14","guid":{"rendered":"https:\/\/lebulbeaplumes.art\/?post_type=product&#038;p=1176"},"modified":"2025-03-15T00:18:29","modified_gmt":"2025-03-14T23:18:29","slug":"la-dryade-et-larbre-roi-carte-postale","status":"publish","type":"product","link":"https:\/\/lebulbeaplumes.art\/index.php\/produit\/la-dryade-et-larbre-roi-carte-postale\/","title":{"rendered":"La Dryade et l&rsquo;Arbre-Roi &#8211; carte postale"},"content":{"rendered":"<p>Illustration imprim\u00e9e sur grande carte postale \u00ab\u00a0La Dryade et l&rsquo;Arbre-Roi\u00a0\u00bb<\/p>\n<p>Cette illustration est la premi\u00e8re planche d\u2019une bande dessin\u00e9e commenc\u00e9e en 2012.<span id=\"more-496\"><\/span><\/p>\n<p>J\u2019ai \u00e9crit une seconde version de l\u2019histoire, plus contemporaine, pour accompagner cette illustration lorsqu\u2019elle a pris son ind\u00e9pendance de la BD qui l\u2019a vue na\u00eetre. Dans cette histoire, la for\u00eat de la Dryade est menac\u00e9e par l\u2019Homme, qui la d\u00e9truit. Elle tente par tous les moyens d&rsquo;arr\u00eater la destruction de sa for\u00eat, mais rien ne fonctionne, jusqu&rsquo;\u00e0 ce qu&rsquo; \u00ab <em>Elle rejoignit son Arbre-Roi et d\u00e9ploya toute son \u00e9nergie pour faire rayonner sa vie. Dans une rafale \u00e9th\u00e9r\u00e9e, elle apparut dans toute sa beaut\u00e9. Les hommes, qui pour la premi\u00e8re fois la voyaient, en rest\u00e8rent bouches b\u00e9es. Jamais sa pr\u00e9sence ils n\u2019avaient soup\u00e7onn\u00e9 ! Peut-\u00eatre \u00e9tait-il possible de collaborer ?<\/em>\u00a0\u00bb<\/p>\n<p><strong>Original disponible \u00e0 la vente.<\/strong><em><strong> Pour plus d&rsquo;informations, cf. <a href=\"https:\/\/lebulbeaplumes.art\/index.php\/2015\/09\/24\/la-dryade-et-larbre-roi\/\">l&rsquo;article le pr\u00e9sentant<\/a>.<br \/>\n<\/strong><\/em><\/p>\n<p>Impression num\u00e9rique limit\u00e9e d&rsquo;une illustration originale aux encres, gouache et acrylique sur papier Arches.<br \/>\nLe titre de l&rsquo;illustration originale est inscrit \u00e0 la main par l&rsquo;artiste au verso de la carte.<\/p>\n<p>Papier 330g\/m<sup>2<\/sup> issu de for\u00eats g\u00e9r\u00e9es durablement<br \/>\n&#8211; Brillant et lamin\u00e9 c\u00f4t\u00e9 illustr\u00e9, pour mettre en valeur les couleurs et la prot\u00e9ger<br \/>\n&#8211; Non lamin\u00e9 c\u00f4t\u00e9 texte pour permettre une bonne tenue de votre \u00e9crit<\/p>\n<p>Vous pouvez envoyer cette carte avec un petit mot, ou l&rsquo;utiliser en d\u00e9coration, encadr\u00e9e ou non, accroch\u00e9e \u00e0 un mur, pos\u00e9e sur une \u00e9tag\u00e8re, gliss\u00e9e dans un bouquet de fleurs sauvages&#8230; Pour se laisser inspirer au quotidien.<\/p>\n<p>&#8212;-<\/p>\n<p>Je peux fournir une enveloppe adapt\u00e9e \u00e0 la taille de la carte (non standard) gratuitement sur demande. Je ne la fournis que sur demande, pour \u00e9viter de surcharger les tiroirs d&rsquo;enveloppes non utilis\u00e9es ! Et cela contribue, un petit peu, \u00e0 pr\u00e9server les ressources de la nature.<\/p>\n<p>&#8212;-<\/p>\n<p><em><strong>Emballage et envoi :<\/strong><\/em> dans un soucis de pr\u00e9servation des ressources et de la nature, nous privil\u00e9gions les emballages r\u00e9cup\u00e9r\u00e9s, recyclables et\/ou recycl\u00e9s. <strong>Ceci est une boutique d&rsquo;art, mais l&#8217;emballage de l&rsquo;article ne sera peut-\u00eatre pas une \u0153uvre d&rsquo;art ! <\/strong>Merci de votre compr\u00e9hension.<strong><em><br \/>\n<\/em><\/strong>S&rsquo;il s&rsquo;agit d&rsquo;un cadeau, merci de le pr\u00e9ciser lors de la commande, pour que l&#8217;emballage soit plus joli !<\/p>\n","protected":false},"excerpt":{"rendered":"<p>Impression num\u00e9rique limit\u00e9e d&rsquo;une illustration originale aux encres, gouache et acrylique sur papier Arches.<\/p>\n<p>Cette illustration est la premi\u00e8re planche d\u2019une petite bande dessin\u00e9e commenc\u00e9e en 2012, puis elle a pris seule son envol : elle raconte l&rsquo;apparition de la Dryade de l&rsquo;Arbre-Roi de la for\u00eat, dans une rafale \u00e9th\u00e9r\u00e9e, laissant les hommes qui la d\u00e9truisait bouche-b\u00e9e\u2026<\/p>\n","protected":false},"featured_media":1173,"comment_status":"closed","ping_status":"closed","template":"","meta":{"jetpack_post_was_ever_published":false},"product_brand":[],"product_cat":[40],"product_tag":[56],"class_list":{"0":"post-1176","1":"product","2":"type-product","3":"status-publish","4":"has-post-thumbnail","6":"product_cat-cartes-postales-illus","7":"product_tag-bande-dessinee","8":"product_shipping_class-plume-a5","9":"pa_format-cartes-moyennes","10":"pa_orientation-portrait","12":"first","13":"instock","14":"taxable","15":"shipping-taxable","16":"purchasable","17":"product-type-variable"},"jetpack_sharing_enabled":true,"_links":{"self":[{"href":"https:\/\/lebulbeaplumes.art\/index.php\/wp-json\/wp\/v2\/product\/1176","targetHints":{"allow":["GET"]}}],"collection":[{"href":"https:\/\/lebulbeaplumes.art\/index.php\/wp-json\/wp\/v2\/product"}],"about":[{"href":"https:\/\/lebulbeaplumes.art\/index.php\/wp-json\/wp\/v2\/types\/product"}],"replies":[{"embeddable":true,"href":"https:\/\/lebulbeaplumes.art\/index.php\/wp-json\/wp\/v2\/comments?post=1176"}],"wp:featuredmedia":[{"embeddable":true,"href":"https:\/\/lebulbeaplumes.art\/index.php\/wp-json\/wp\/v2\/media\/1173"}],"wp:attachment":[{"href":"https:\/\/lebulbeaplumes.art\/index.php\/wp-json\/wp\/v2\/media?parent=1176"}],"wp:term":[{"taxonomy":"product_brand","embeddable":true,"href":"https:\/\/lebulbeaplumes.art\/index.php\/wp-json\/wp\/v2\/product_brand?post=1176"},{"taxonomy":"product_cat","embeddable":true,"href":"https:\/\/lebulbeaplumes.art\/index.php\/wp-json\/wp\/v2\/product_cat?post=1176"},{"taxonomy":"product_tag","embeddable":true,"href":"https:\/\/lebulbeaplumes.art\/index.php\/wp-json\/wp\/v2\/product_tag?post=1176"}],"curies":[{"name":"wp","href":"https:\/\/api.w.org\/{rel}","templated":true}]}}